{"id":783,"date":"2026-04-26T15:04:17","date_gmt":"2026-04-26T13:04:17","guid":{"rendered":"https:\/\/xn--mariefranoiselequoy-eyb.fr\/?page_id=783"},"modified":"2026-04-26T15:21:36","modified_gmt":"2026-04-26T13:21:36","slug":"par-dela-lesprit","status":"publish","type":"page","link":"https:\/\/xn--mariefranoiselequoy-eyb.fr\/index.php\/par-dela-lesprit\/","title":{"rendered":"Par del\u00e0 l&#8217;esprit"},"content":{"rendered":"\n<p><\/p>\n\n\n\n<div class=\"wp-block-group is-content-justification-space-between is-nowrap is-layout-flex wp-container-core-group-is-layout-0dfbf163 wp-block-group-is-layout-flex\">\n<p>PAR DEL\u00c0 L\u2019ESPRIT, 2014<br><\/p>\n\n\n\n<figure class=\"wp-block-image size-full is-resized is-style-default\"><img loading=\"lazy\" decoding=\"async\" width=\"142\" height=\"90\" src=\"https:\/\/xn--mariefranoiselequoy-eyb.fr\/wp-content\/uploads\/2026\/04\/logo.jpg\" alt=\"\" class=\"wp-image-785\" style=\"aspect-ratio:1.5778781038374718;object-fit:cover;width:259px;height:auto\"\/><\/figure>\n<\/div>\n\n\n\n<p><\/p>\n\n\n\n<p>Invit\u00e9e par l\u2019association Tadlachance et le R\u00e9seau C\u2019est bien parti, \u00e0 la chapelle des P\u00e9nitents de Cuges les Pins, j\u2019ai repris deux photographies des ann\u00e9es 1990 pour r\u00e9pondre au th\u00e8me de &#8220;Par del\u00e0 l\u2019Esprit&#8221; :<\/p>\n\n\n\n<ul class=\"wp-block-list\">\n<li>&#8220;<em>Ready mad<\/em>e <em>miraculeux<\/em>&#8220;, Photographie couleur d\u2019une diapositive retrouv\u00e9e apr\u00e8s l\u2019incendie de la maison et de l\u2019atelier, (1992) et ayant subi l\u2019action et la chimie de la chaleur et de l\u2019eau. Rescap\u00e9e et ayant int\u00e9gr\u00e9 sa transformation, cette image faisait partie d\u2019un diaporama de toutes les images retrouv\u00e9es coll\u00e9es en bloc que j\u2019avais intitul\u00e9 &#8220;Ready mades&#8221;, puisque le hasard, incontr\u00f4lable par d\u00e9finition, avait eu raison de tous ces photographies prises avec des sujets divers et qui avaient fait l\u2019objet de ma part d\u2019un beau cadrage, d\u2019une belle composition, d\u2019une belle lumi\u00e8re, comme l\u2019\u00e9noncent les r\u00e8gles de l\u2019art. Seul reste visible, comme miracul\u00e9, un papillon, photographi\u00e9 aussi comme par hasard dans le Lot..<\/li>\n\n\n\n<li>&#8220;<em>Pierre philosophale<\/em>&#8220;, cette photographie noir et blanc intitul\u00e9e, faisait partie d\u2019une proposition. visuelle sur &#8220;l\u2019Au del\u00e0&#8221;. Je l\u2019ai prise prise sous une nuit noire dans un cimeti\u00e8re m\u00e9rovingien de Moselle, avec pour tout \u00e9clairage un rayon de lumi\u00e8re de la lampe de poche que je promenais dans cet environnement, en esp\u00e9rant bien que le hasard ferait les choses pour moi\u2026 Ce qui fut le cas. L\u2019esprit est sorti dans mon labo dans le r\u00e9v\u00e9lateur\u2026 Une vraie r\u00e9v\u00e9lation.<\/li>\n<\/ul>\n\n\n\n<p>On particip\u00e9 \u00e0 cette exposition : Christiane Ainsley, Thierry Azam, Madeleine Dor\u00e9, John Fancis, Val\u00e9rie Morraja, Jean-Louis Paquelin, Antje Poppinga, Fran\u00e7oise Rod<\/p>\n\n\n\n<figure class=\"wp-block-gallery has-nested-images columns-2 wp-block-gallery-1 is-layout-flex wp-block-gallery-is-layout-flex\">\n<figure class=\"wp-block-image size-large\"><img loading=\"lazy\" decoding=\"async\" width=\"683\" height=\"1024\" data-id=\"788\" src=\"https:\/\/xn--mariefranoiselequoy-eyb.fr\/wp-content\/uploads\/2026\/04\/DSC_9236-683x1024.jpg\" alt=\"\" class=\"wp-image-788\" srcset=\"https:\/\/xn--mariefranoiselequoy-eyb.fr\/wp-content\/uploads\/2026\/04\/DSC_9236-683x1024.jpg 683w, https:\/\/xn--mariefranoiselequoy-eyb.fr\/wp-content\/uploads\/2026\/04\/DSC_9236-200x300.jpg 200w, https:\/\/xn--mariefranoiselequoy-eyb.fr\/wp-content\/uploads\/2026\/04\/DSC_9236-768x1152.jpg 768w, https:\/\/xn--mariefranoiselequoy-eyb.fr\/wp-content\/uploads\/2026\/04\/DSC_9236-1024x1536.jpg 1024w, https:\/\/xn--mariefranoiselequoy-eyb.fr\/wp-content\/uploads\/2026\/04\/DSC_9236-1365x2048.jpg 1365w, https:\/\/xn--mariefranoiselequoy-eyb.fr\/wp-content\/uploads\/2026\/04\/DSC_9236-1140x1710.jpg 1140w, https:\/\/xn--mariefranoiselequoy-eyb.fr\/wp-content\/uploads\/2026\/04\/DSC_9236-scaled.jpg 1707w\" sizes=\"auto, (max-width: 683px) 100vw, 683px\" \/><\/figure>\n\n\n\n<figure class=\"wp-block-image size-large\"><img loading=\"lazy\" decoding=\"async\" width=\"1024\" height=\"583\" data-id=\"787\" src=\"https:\/\/xn--mariefranoiselequoy-eyb.fr\/wp-content\/uploads\/2026\/04\/DSC_9237-1024x583.jpg\" alt=\"\" class=\"wp-image-787\" srcset=\"https:\/\/xn--mariefranoiselequoy-eyb.fr\/wp-content\/uploads\/2026\/04\/DSC_9237-1024x583.jpg 1024w, https:\/\/xn--mariefranoiselequoy-eyb.fr\/wp-content\/uploads\/2026\/04\/DSC_9237-300x171.jpg 300w, https:\/\/xn--mariefranoiselequoy-eyb.fr\/wp-content\/uploads\/2026\/04\/DSC_9237-768x437.jpg 768w, https:\/\/xn--mariefranoiselequoy-eyb.fr\/wp-content\/uploads\/2026\/04\/DSC_9237-1536x875.jpg 1536w, https:\/\/xn--mariefranoiselequoy-eyb.fr\/wp-content\/uploads\/2026\/04\/DSC_9237-2048x1166.jpg 2048w, https:\/\/xn--mariefranoiselequoy-eyb.fr\/wp-content\/uploads\/2026\/04\/DSC_9237-1140x649.jpg 1140w\" sizes=\"auto, (max-width: 1024px) 100vw, 1024px\" \/><\/figure>\n<\/figure>\n","protected":false},"excerpt":{"rendered":"<p>PAR DEL\u00c0 L\u2019ESPRIT, 2014 Invit\u00e9e par l\u2019association Tadlachance et le R\u00e9seau C\u2019est bien parti, \u00e0 la chapelle des P\u00e9nitents de Cuges les Pins, j\u2019ai repris deux photographies des ann\u00e9es 1990 pour r\u00e9pondre au th\u00e8me de &#8220;Par del\u00e0 l\u2019Esprit&#8221; : On particip\u00e9 \u00e0 cette exposition : Christiane Ainsley, Thierry Azam, Madeleine Dor\u00e9, John Fancis, Val\u00e9rie Morraja, Jean-Louis Paquelin, Antje Poppinga, Fran\u00e7oise Rod<\/p>\n","protected":false},"author":1,"featured_media":0,"parent":0,"menu_order":0,"comment_status":"closed","ping_status":"closed","template":"","meta":{"footnotes":""},"class_list":["post-783","page","type-page","status-publish","hentry"],"_links":{"self":[{"href":"https:\/\/xn--mariefranoiselequoy-eyb.fr\/index.php\/wp-json\/wp\/v2\/pages\/783","targetHints":{"allow":["GET"]}}],"collection":[{"href":"https:\/\/xn--mariefranoiselequoy-eyb.fr\/index.php\/wp-json\/wp\/v2\/pages"}],"about":[{"href":"https:\/\/xn--mariefranoiselequoy-eyb.fr\/index.php\/wp-json\/wp\/v2\/types\/page"}],"author":[{"embeddable":true,"href":"https:\/\/xn--mariefranoiselequoy-eyb.fr\/index.php\/wp-json\/wp\/v2\/users\/1"}],"replies":[{"embeddable":true,"href":"https:\/\/xn--mariefranoiselequoy-eyb.fr\/index.php\/wp-json\/wp\/v2\/comments?post=783"}],"version-history":[{"count":8,"href":"https:\/\/xn--mariefranoiselequoy-eyb.fr\/index.php\/wp-json\/wp\/v2\/pages\/783\/revisions"}],"predecessor-version":[{"id":804,"href":"https:\/\/xn--mariefranoiselequoy-eyb.fr\/index.php\/wp-json\/wp\/v2\/pages\/783\/revisions\/804"}],"wp:attachment":[{"href":"https:\/\/xn--mariefranoiselequoy-eyb.fr\/index.php\/wp-json\/wp\/v2\/media?parent=783"}],"curies":[{"name":"wp","href":"https:\/\/api.w.org\/{rel}","templated":true}]}}

Par delà l&#8217;esprit

<p></p>



<div class="wp-block-group is-content-justification-space-between is-nowrap is-layout-flex wp-container-core-group-is-layout-0dfbf163 wp-block-group-is-layout-flex">
<p>PAR DELÀ L’ESPRIT, 2014<br></p>



<figure class="wp-block-image size-full is-resized is-style-default"><img loading="lazy" decoding="async" width="142" height="90" src="https://xn--mariefranoiselequoy-eyb.fr/wp-content/uploads/2026/04/logo.jpg" alt="" class="wp-image-785" style="aspect-ratio:1.5778781038374718;object-fit:cover;width:259px;height:auto"/></figure>
</div>



<p></p>



<p>Invitée par l’association Tadlachance et le Réseau C’est bien parti, à la chapelle des Pénitents de Cuges les Pins, j’ai repris deux photographies des années 1990 pour répondre au thème de &#8220;Par delà l’Esprit&#8221; :</p>



<ul class="wp-block-list">
<li>&#8220;<em>Ready mad</em>e <em>miraculeux</em>&#8220;, Photographie couleur d’une diapositive retrouvée après l’incendie de la maison et de l’atelier, (1992) et ayant subi l’action et la chimie de la chaleur et de l’eau. Rescapée et ayant intégré sa transformation, cette image faisait partie d’un diaporama de toutes les images retrouvées collées en bloc que j’avais intitulé &#8220;Ready mades&#8221;, puisque le hasard, incontrôlable par définition, avait eu raison de tous ces photographies prises avec des sujets divers et qui avaient fait l’objet de ma part d’un beau cadrage, d’une belle composition, d’une belle lumière, comme l’énoncent les règles de l’art. Seul reste visible, comme miraculé, un papillon, photographié aussi comme par hasard dans le Lot..</li>



<li>&#8220;<em>Pierre philosophale</em>&#8220;, cette photographie noir et blanc intitulée, faisait partie d’une proposition. visuelle sur &#8220;l’Au delà&#8221;. Je l’ai prise prise sous une nuit noire dans un cimetière mérovingien de Moselle, avec pour tout éclairage un rayon de lumière de la lampe de poche que je promenais dans cet environnement, en espérant bien que le hasard ferait les choses pour moi… Ce qui fut le cas. L’esprit est sorti dans mon labo dans le révélateur… Une vraie révélation.</li>
</ul>



<p>On participé à cette exposition : Christiane Ainsley, Thierry Azam, Madeleine Doré, John Fancis, Valérie Morraja, Jean-Louis Paquelin, Antje Poppinga, Françoise Rod</p>



<figure class="wp-block-gallery has-nested-images columns-2 wp-block-gallery-1 is-layout-flex wp-block-gallery-is-layout-flex">
<figure class="wp-block-image size-large"><img loading="lazy" decoding="async" width="683" height="1024" data-id="788" src="https://xn--mariefranoiselequoy-eyb.fr/wp-content/uploads/2026/04/DSC_9236-683x1024.jpg" alt="" class="wp-image-788" srcset="https://xn--mariefranoiselequoy-eyb.fr/wp-content/uploads/2026/04/DSC_9236-683x1024.jpg 683w, https://xn--mariefranoiselequoy-eyb.fr/wp-content/uploads/2026/04/DSC_9236-200x300.jpg 200w, https://xn--mariefranoiselequoy-eyb.fr/wp-content/uploads/2026/04/DSC_9236-768x1152.jpg 768w, https://xn--mariefranoiselequoy-eyb.fr/wp-content/uploads/2026/04/DSC_9236-1024x1536.jpg 1024w, https://xn--mariefranoiselequoy-eyb.fr/wp-content/uploads/2026/04/DSC_9236-1365x2048.jpg 1365w, https://xn--mariefranoiselequoy-eyb.fr/wp-content/uploads/2026/04/DSC_9236-1140x1710.jpg 1140w, https://xn--mariefranoiselequoy-eyb.fr/wp-content/uploads/2026/04/DSC_9236-scaled.jpg 1707w" sizes="auto, (max-width: 683px) 100vw, 683px" /></figure>



<figure class="wp-block-image size-large"><img loading="lazy" decoding="async" width="1024" height="583" data-id="787" src="https://xn--mariefranoiselequoy-eyb.fr/wp-content/uploads/2026/04/DSC_9237-1024x583.jpg" alt="" class="wp-image-787" srcset="https://xn--mariefranoiselequoy-eyb.fr/wp-content/uploads/2026/04/DSC_9237-1024x583.jpg 1024w, https://xn--mariefranoiselequoy-eyb.fr/wp-content/uploads/2026/04/DSC_9237-300x171.jpg 300w, https://xn--mariefranoiselequoy-eyb.fr/wp-content/uploads/2026/04/DSC_9237-768x437.jpg 768w, https://xn--mariefranoiselequoy-eyb.fr/wp-content/uploads/2026/04/DSC_9237-1536x875.jpg 1536w, https://xn--mariefranoiselequoy-eyb.fr/wp-content/uploads/2026/04/DSC_9237-2048x1166.jpg 2048w, https://xn--mariefranoiselequoy-eyb.fr/wp-content/uploads/2026/04/DSC_9237-1140x649.jpg 1140w" sizes="auto, (max-width: 1024px) 100vw, 1024px" /></figure>
</figure>

<p>PAR DELÀ L’ESPRIT, 2014 Invitée par l’association Tadlachance et le Réseau C’est bien parti, à la chapelle des Pénitents de Cuges les Pins, j’ai repris deux photographies des années 1990 pour répondre au thème de &#8220;Par delà l’Esprit&#8221; : On participé à cette exposition : Christiane Ainsley, Thierry Azam, Madeleine Doré, John Fancis, Valérie Morraja, Jean-Louis Paquelin, Antje Poppinga, Françoise Rod</p>
